 919423 is divided by 34.
29
Calculate the remainder when 87169 is divided by 13530.
5989
What is the remainder when 400152 is divided by 80024?
32
Calculate the remainder when 113989 is divided by 18077.
5527
Calculate the remainder when 21093574 is divided by 721.
719
Calculate the remainder when 21304 is divided by 18121.
3183
Calculate the remainder when 10061178 is divided by 1064.
1058
What is the remainder when 2561094 is divided by 298?
82
What is the remainder when 392736 is divided by 130903?
27
Calculate the remainder when 2104542 is divided by 2031.
426
Calculate the remainder when 7714277 is divided by 666.
665
Calculate the remainder when 49300 is divided by 19737.
9826
What is the remainder when 62459379 is divided by 295?
209
What is the remainder when 309417 is divided by 9976?
161
What is the remainder when 4217909 is divided by 43?
39
What is the remainder when 893374 is divided by 1715?
1574
What is the remainder when 31587001 is divided by 10528994?
19
Calculate the remainder when 2603596 is divided by 863.
788
Calculate the remainder when 7303731 is divided by 833.
820
What is the remainder when 1471926 is divided by 22301?
60
What is the remainder when 123040 is divided by 121884?
1156
What is the remainder when 21465 is divided by 7?
3
Calculate the remainder when 471760 is divided by 78545.
490
What is the remainder when 4446406 is divided by 53?
24
What is the remainder when 74073 is divided by 1105?
38
What is the remainder when 81219 is divided by 2254?
75
Calculate the remainder when 2845 is divided by 1476.
1369
What is the remainder when 4270701 is divided by 469?
456
Calculate the remainder when 387998 is divided by 29.
7
What is the remainder when 2088226 is divided by 348019?
112
Calculate the remainder when 16943728 is divided by 17.
15
What is the remainder when 2479577 is divided by 37008?
41
What is the remainder when 274112794 is divided by 605?
604
Calculate the remainder when 3036351 is divided by 48973.
25
Calculate the remainder when 162915 is divided by 9581.
38
What is the remainder when 973295 is divided by 820?
775
What is the remainder when 10573 is divided by 958?
35
What is the remainder when 2558003 is divided by 182?
175
What is the remainder when 1228742 is divided by 62?
26
What is the remainder when 208773 is divided by 6731?
112
What is the remainder when 30111519 is divided by 119?
116
What is the remainder when 406180 is divided by 819?
775
Calculate the remainder when 46244 is divided by 6531.
527
What is the remainder when 18691167 is divided by 31?
27
What is the remainder when 29920771 is divided by 18?
1
Calculate the remainder when 1550644 is divided by 311.
309
Calculate the remainder when 177430 is divided by 29539.
196
Calculate the remainder when 270118 is divided by 40.
38
What is the remainder when 78403 is divided by 22?
17
What is the remainder when 770443 is divided by 17037?
3778
What is the remainder when 208001 is divided by 9422?
717
What is the remainder when 1382269 is divided by 55?
9
Calculate the remainder when 49160597 is divided by 87.
29
What is the remainder when 222304 is divided by 2653?
2105
Calculate the remainder when 343912016 is divided by 60.
56
Calculate the remainder when 1903051 is divided by 13.
7
Calculate the remainder when 178378 is divided by 302.
198
Calculate the remainder when 10710106 is divided by 2792.
2786
Calculate the remainder when 829830 is divided by 1509.
1389
What is the remainder when 444391 is divided by 222194?
3
Calculate the remainder when 32884528 is divided by 763.
754
Calculate the remainder when 607108 is divided by 35708.
72
Calculate the remainder when 14253275 is divided by 293.
290
What is the remainder when 2610154 is divided by 349?
332
What is the remainder when 43081 is divided by 6822?
2149
What is the remainder when 4777043 is divided by 11824?
147
Calculate the remainder when 537960 is divided by 107137.
2275
What is the remainder when 3627400 is divided by 41?
7
Calculate the remainder when 9486798 is divided by 21463.
152
What is the remainder when 226645 is divided by 226071?
574
Calculate the remainder when 91211 is divided by 1825.
1786
Calculate the remainder when 3205420 is divided by 320498.
440
What is the remainder when 7012 is divided by 3357?
298
Calculate the remainder when 3961717 is divided by 1247.
1245
What is the remainder when 7496644 is divided by 457?
16
Calculate the remainder when 125762 is divided by 1569.
242
What is the remainder when 3688869 is divided by 152?
133
What is the remainder when 66868940 is divided by 21323?
12
Calculate the remainder when 8779454 is divided by 6790.
6774
What is the remainder when 1213839 is divided by 22066?
209
Calculate the remainder when 46129676 is divided by 237.
233
Calculate the remainder when 3695780 is divided by 4702.
8
Calculate the remainder when 700143 is divided by 705.
78
What is the remainder when 8389079 is divided by 139817?
59
What is the remainder when 705669 is divided by 140901?
1164
Calculate the remainder when 1221089 is divided by 122108.
9
What is the remainder when 1098175 is divided by 1053?
949
What is the remainder when 4031673 is divided by 62?
61
Calculate the remainder when 1189219 is divided by 3388.
31
What is the remainder when 40989 is divided by 20488?
13
What is the remainder when 23272309 is divided by 93?
82
Calculate the remainder when 1628840 is divided by 681.
569
Calculate the remainder when 5686107 is divided by 4.
3
What is the remainder when 4278095 is divided by 774?
197
Calculate the remainder when 159677 is divided by 79821.
35
What is the remainder when 44056188 is divided by 94?
80
Calculate the remainder when 711549 is divided by 139.
8
What is the remainder when 8393282 is divided by 100?
82
Calculate the remainder when 782186 is divided by 260701.
83
Calculate the remainder when 145127 is divided by 3549.
3167
What is the remainder when 588339 is divided by 2363?
2315
What is the remainder when 35657 is divided by 1698?
1697
Calculate the remainder when 38306424 is divided by 2083.
54
What is the remainder when 40873 is divided by 2820?
1393
What is the remainder when 73994 is divided by 9249?
2
Calculate the remainder when 728462 is divided by 270.
2
What is the remainder when 256406 is divided by 5127?
56
What is the remainder when 1228669 is divided by 245732?
9
What is the remainder when 754135 is divided by 164?
63
Calculate the remainder when 198354 is divided by 6113.
2738
What is the remainder when 26448 is divided by 1610?
688
Calculate the remainder when 301661 is divided by 60329.
16
What is the remainder when 1813254 is divided by 604285?
399
Calculate the remainder when 23787254 is divided by 75515.
29
What is the remainder when 25599071 is divided by 278?
275
Calculate the remainder when 11744763 is divided by 684.
483
Calculate the remainder when 122418 is divided by 115890.
6528
What is the remainder when 1217789 is divided by 59?
29
What is the remainder when 213078 is divided by 1761?
1758
What is the remainder when 36597054 is divided by 29?
11
What is the remainder when 54743562 is divided by 2582?
2580
Calculate the remainder when 51736 is divided by 71.
48
What is the remainder when 1166669 is divided by 43207?
80
What is the remainder when 13081994 is divided by 47227?
115
What is the remainder when 40451 is divided by 163?
27
What is the remainder when 54965 is divided by 452?
273
What is the remainder when 465904 is divided by 465772?
132
What is the remainder when 2725449 is divided by 35?
34
What is the remainder when 60735939 is divided by 762?
729
What is the remainder when 645686 is divided by 3328?
54
What is the remainder when 2234767 is divided by 744393?
1588
Calculate the remainder when 137770 is divided by 1.
0
What is the remainder when 334232 is divided by 25515?
2537
What is the remainder when 12342006 is divided by 105?
96
Calculate the remainder when 1566422165 is divided by 991.
988
What is the remainder when 145847958 is divided by 224?
214
What is the remainder when 221822007 is divided by 270?
267
What is the remainder when 13636087 is divided by 3409020?
7
Calculate the remainder when 20389 is divided by 16736.
3653
What is the remainder when 39615